0
Let c(d) = -153*d + 2381. Give c(16).
-67
Let c(t) = -2*t**2 - 3136*t + 102395. Give c(32).
-5
Let t(y) = -109*y**2 - 1678*y - 667. Determine t(-15).
-22
Let t(c) = c**3 - 67*c**2 + 118*c + 351. Calculate t(65).
-429
Let r(l) = -3*l**2 - 1460*l - 38518. Determine r(-28).
10
Let b(d) = -8*d**3 + 397*d**2 - 59*d + 10456. Determine b(50).
6
Let y(s) = s**3 + 39*s**2 - 4017*s + 2147. What is y(-86)?
-3
Let q(k) = 2*k**2 - 662090*k + 34423267. What is q(52)?
-5
Let v(n) = 6*n**3 + 94*n**2 - 56*n - 390. Calculate v(-16).
-6
Let k(x) = -x**3 - 2*x**2 + 53*x + 92. Calculate k(-2).
-14
Let r(j) = 3618*j**2 - 43404*j - 6. Determine r(12).
138
Let o(j) = 1429*j - 292952. What is o(205)?
-7
Let x(l) = -12*l**2 - 761*l - 3887. Calculate x(-58).
-117
Let l(q) = -q**3 + 7*q**2 + 171*q - 1117. What is l(7)?
80
Let k(s) = s**3 - 344*s**2 + 5964*s - 1805763. Calculate k(342).
-3
Let l(x) = 237*x - 2880. Give l(9).
-747
Let u(n) = 2*n**3 - 13*n**2 + 108*n - 1015. Calculate u(8).
41
Let q(c) = -4*c**3 + 49*c**2 - 95*c - 157. What is q(4)?
-9
Let a(m) = -m**3 - 20*m**2 - 1749*m - 44447. Give a(-24).
-167
Let u(b) = b**3 + 10*b**2 + 131*b + 1423. What is u(-11)?
-139
Let x(k) = -10740*k + 85782. What is x(8)?
-138
Let s(j) = -6*j**2 - 11700*j + 129226. Determine s(11).
-200
Let k(n) = 175*n**2 + 130426*n - 92511. Calculate k(-746).
-7
Let d(t) = -1185*t - 180315. What is d(-152)?
-195
Let n(k) = 1201*k - 32552. Give n(27).
-125
Let d(x) = -6553*x - 878098. What is d(-134)?
4
Let l(w) = 3*w**2 + 101*w + 534. Determine l(-28).
58
Let w(g) = 56*g**3 - 81*g**2 + 349*g - 686. Give w(2).
136
Let t(v) = -5*v**3 - 352*v**2 + 1897*v - 53. Determine t(5).
7
Let j(z) = 6444*z - 6290. Calculate j(1).
154
Let i(q) = -5*q**3 + 8*q**2 + 91*q + 802. What is i(0)?
802
Let o(g) = g**3 - 4*g**2 + 967*g + 5062. Calculate o(-5).
2
Let v(o) = 239620*o + 239605. Determine v(-1).
-15
Let o(u) = -8*u**3 - 23*u**2 - 51*u + 29. Calculate o(-5).
709
Let u(w) = 3*w**3 + 28*w**2 + 77*w + 29. Give u(-6).
-73
Let r(b) = -2369*b - 599399. Give r(-253).
-42
Let z(a) = -a**3 - 164*a**2 + 625. Give z(0).
625
Let t(r) = -r**2 - 128*r - 4106. Calculate t(-68).
-26
Let v(y) = -y**3 + 20*y**2 + 41*y - 1040. Give v(19).
100
Let t(o) = -o**3 + 22*o**2 - 931*o + 13460. Calculate t(15).
1070
Let h(y) = -19*y**2 + 109*y - 330. What is h(3)?
-174
Let f(b) = 176*b**2 + 30445*b - 529. Determine f(-173).
-10
Let m(a) = -a**3 + 20*a**2 + 349*a - 12. Give m(31).
236
Let y(f) = -2800*f - 61772. Calculate y(-22).
-172
Let w(n) = -126*n**2 + 1029*n + 33. Give w(8).
201
Let m(u) = 7*u**2 - 136*u - 997. What is m(25)?
-22
Let h(a) = a**3 - 88*a**2 - 9*a + 10015. What is h(87)?
1663
Let s(w) = -201153*w + 6034653. Calculate s(30).
63
Let c(q) = 92*q**2 + 42721*q + 42720. What is c(-1)?
91
Let k(j) = j**3 + 50*j**2 - 719*j - 34878. What is k(-50)?
1072
Let h(y) = -3028*y - 77081. Give h(-25).
-1381
Let z(d) = -2*d**3 + 18*d**2 + 12*d - 249. What is z(11)?
-601
Let u(d) = 19*d**2 + 858*d + 179. Give u(-45).
44
Let v(q) = 19962*q + 50823246. What is v(-2546)?
-6
Let d(p) = p**3 - 72*p**2 + 1089*p - 1312. What is d(20)?
-332
Let i(z) = z**2 - 87*z - 4968. Give i(-50).
1882
Let p(s) = -2*s**3 - s**2 + 15*s + 17. Calculate p(3).
-1
Let q(b) = 1012*b + 6236. What is q(-6)?
164
Let d(t) = 4*t**2 - 131*t - 1223. Calculate d(39).
-248
Let v(d) = 627*d - 50099. What is v(80)?
61
Let m(c) = 8*c**3 + 40*c**2 + 17*c + 32. Calculate m(-5).
-53
Let u(k) = -k**3 + 53*k**2 + 110*k - 3511. Give u(54).
-487
Let x(d) = -d**3 + 15*d**2 - 32*d - 45. Determine x(12).
3
Let f(p) = -713*p + 146258. Determine f(204).
806
Let m(z) = -374*z - 77385. Give m(-205).
-715
Let u(i) = i**3 - 23*i**2 - 233*i + 4586. Calculate u(25).
11
Let w(o) = 3*o**3 + 187*o**2 + 220*o - 1460. What is w(-61)?
4
Let z(q) = 70*q**2 - 2*q - 1121. Determine z(-4).
7
Let z(r) = r**2 + 138*r + 2196. What is z(-108)?
-1044
Let a(y) = 11214*y - 2142237. What is a(191)?
-363
Let m(g) = -78368*g + 6582916. What is m(84)?
4
Let p(c) = -14*c**2 - 86*c + 200. Determine p(-11).
-548
Let u(c) = -10431*c - 281751. Calculate u(-27).
-114
Let o(t) = 4*t**3 - 312*t**2 + 5598*t + 104. Calculate o(50).
4
Let s(m) = 21*m**3 - 951*m**2 + 269*m + 56. What is s(45)?
11
Let b(l) = -137*l**3 - 13*l**2 - l - 8. What is b(-1)?
117
Let q(d) = 98*d**2 + 219*d - 450. Give q(2).
380
Let s(p) = 13739*p**2 + 41221*p + 23. Calculate s(-3).
11
Let s(i) = -155*i**2 + 46*i + 199. Give s(-3).
-1334
Let y(h) = 2*h**2 + 95*h + 187. Calculate y(-37).
-590
Let l(r) = 8*r**2 + 531*r + 5999. What is l(-52)?
19
Let y(s) = -18*s**2 - 1458*s + 10233. Give y(7).
-855
Let q(k) = 2*k**3 - 50*k**2 - 808*k + 18897. What is q(27)?
-3
Let z(d) = -29*d**2 + 49*d + 9517. Calculate z(19).
-21
Let u(n) = -6128*n + 24325. Give u(4).
-187
Let c(h) = h**3 - 22*h**2 + 1228*h - 23769. Determine c(20).
-9
Let k(p) = 343*p - 5112. Calculate k(16).
376
Let k(y) = 2*y**3 + 22*y**2 - 690*y + 205. Give k(-25).
-45
Let x(m) = -4003*m + 40975. Determine x(10).
945
Let y(a) = -a**3 + 379*a - 767. Determine y(-20).
-347
Let c(w) = -69262*w + 1731542. Give c(25).
-8
Let c(s) = -345*s + 61184. Give c(177).
119
Let i(g) = -1587388*g - 6349542. Give i(-4).
10
Let s(h) = -361385*h - 2529677. Give s(-7).
18
Let r(j) = j**3 - 18*j**2 + 46*j - 515. Give r(17).
-22
Let b(a) = 22690*a + 249601. Determine b(-11).
11
Let q(u) = 4*u**3 + 36*u**2 - 179*u - 54. Give q(4).
62
Let b(z) = 75948*z + 151998. Determine b(-2).
102
Let w(i) = -727*i**2 + 34166*i + 10. Calculate w(47).
-131
Let x(t) = 74172*t + 519154. Calculate x(-7).
-50
Let p(q) = -45*q**2 + 13093*q + 438. Give p(291).
-144
Let p(k) = 240*k + 5193. Give p(-18).
873
Let a(t) = -t**3 - 42*t**2 - 206*t + 13. Calculate a(-37).
790
Let v(t) = -16*t**3 - 78*t**2 - 411*t - 2120. What is v(-5)?
-15
Let v(u) = -10*u**2 + 425*u + 675405. Calculate v(282).
15
Let l(v) = -v**2 + 5386*v - 229764. Calculate l(43).
-15
Let j(y) = -y**3 - 21*y**2 + 2*y - 162. Give j(-25).
2288
Let p(r) = r**2 - 204320*r + 1430112. Give p(7).
-79
Let d(l) = -2*l**3 - 9*l**2 + 42*l + 72. Determine d(6).
-432
Let n(c) = 1021*c - 558482. What is n(547)?
5
Let z(k) = 9*k**3 + 4*k**2 - 123*k + 470. What is z(5)?
1080
Let d(s) = -64*s**2 - 14716*s + 900. Determine d(-230).
-20
Let g(k) = k**2 + 69928*k + 4541096. Calculate g(-65).
1
Let m(x) = -2978*x - 17811. Calculate m(-6).
57
Let u(r) = -1566*r - 24989. What is u(-16)?
67
Let w(d) = -54393*d + 54400. Calculate w(1).
7
Let z(v) = 10*v**3 + 169*v**2 + 610*v + 135. Give z(-11).
564
Let d(g) = -7*g**2 + 724*g - 1010. Determine d(102).
10
Let w(m) = -m**2 - 2124*m - 115812. Determine w(-56).
-4
Let n(a) = -2*a**3 - 137*a**2 - 50*a - 22. What is n(-68)?
-1246
Let g(y) = y**3 + 2*y**2 + 27*y + 252. Determine g(-12).
-1512
Let w(m) = 7369*m**2 + 58972*m + 121. What is w(-8)?
-39
Let y(z) = 2*z**3 + 24*z**2 + 150*z - 98. Give y(-11).
-1506
Let a(q) = -354810*q - 354815. Determine a(-1).
-5
Let f(y) = -31*y**2 - 2702*y - 130. Give f(-87).
305
Let w(x) = 3*x**3 - 205*x**2 + 3065*x - 135. What is w(22)?
19
Let k(l) = 1405*l - 72982. Give k(52).
78
Let i(v) = 2*v**2 + 274*v - 5. Calculate i(-137).
-5
Let r(c) = c**3 - 3*c**2 - 25*c - 163. Give r(7).
-142
Let h(t) = t**3 - 3*t**2 + 2015*t - 10028. Calculate h(5).
97
Let n(f) = -f**2 - 70274*f - 983641. Give n(-14).
-1
Let i(o) = -o**3 - 51*o**2 - 408*o - 20801. Calculate i(-51).
7
Let b(i) = -4*i**3 - 339*i**2 + 391*i + 25988. Calculate b(-85).
-22
Let t(g) = -g**3 - 12*g**2 + 7*g - 38. Determine t(-12).
-122
Let v(b) = -1111*b - 6821. Determine v(-6).
-155
Let j(k) = -71*k + 14515. What is j(196)?
599
Let r(a) = 77*a + 5580. Determine r(-72).
36
Let i(p) = 578*p + 7237. Determine i(-12).
301
Let m(f) = 5*f**2 - 1506*f + 79250. Give m(68).
-38
Let s(x) = 12983*x - 220712. Calculate s(17).
-1
Let c(l) = -l**2 - 713*l - 715. Calculate c(-1).
-3
Let q(l) = l**3 + 189*l**2 + 616*l + 11070. What is q(-186)?
282
Let n(b) = b**2 + 795*b + 139647. What is n(-533)?
1
Let b(t) = 6*t**3 - 348*t**2 + 7*t - 56. What is b(58)?
350
Let q(n) = -460*n - 10071. Give q(-22).
49
Let c(x) = 354*x - 36126. Give c(102).
-18
Let r(z) = -z**2 + 84*z - 37. What is r(84)?
-37
Let v(t) = -2*t**2 - 2155*t - 270403. What is v(-145)?
22
Let a(n) = -294*n**2 + 2660*n - 2